and 144?
12
Calculate the highest common factor of 88 and 374.
22
What is the greatest common divisor of 12767 and 85?
17
What is the greatest common divisor of 216 and 3384?
72
Calculate the highest common divisor of 116761 and 59.
59
What is the highest common divisor of 18532 and 113?
113
What is the greatest common divisor of 5940 and 264?
132
What is the greatest common factor of 253 and 407?
11
Calculate the greatest common factor of 164 and 1025.
41
Calculate the highest common divisor of 84 and 56.
28
What is the highest common factor of 4 and 4?
4
What is the highest common divisor of 89 and 1513?
89
What is the greatest common divisor of 2854 and 8?
2
What is the greatest common divisor of 8 and 3512?
8
What is the highest common divisor of 3346 and 28?
14
Calculate the greatest common divisor of 2788 and 1054.
34
What is the greatest common factor of 15 and 28965?
15
Calculate the greatest common divisor of 11 and 275.
11
What is the highest common divisor of 2581 and 3293?
89
Calculate the highest common divisor of 217 and 248.
31
What is the greatest common factor of 252 and 448?
28
Calculate the highest common divisor of 544 and 442.
34
What is the greatest common factor of 1290 and 5934?
258
Calculate the highest common divisor of 1 and 379.
1
What is the greatest common divisor of 42 and 525?
21
Calculate the highest common divisor of 442 and 51.
17
What is the greatest common divisor of 63 and 1701?
63
Calculate the greatest common divisor of 88 and 11.
11
Calculate the highest common divisor of 16 and 496.
16
Calculate the greatest common divisor of 1254 and 88.
22
What is the highest common divisor of 8 and 136?
8
Calculate the highest common divisor of 3472 and 1232.
112
What is the greatest common divisor of 162 and 54?
54
Calculate the highest common divisor of 112 and 1216.
16
Calculate the greatest common factor of 1819 and 221.
17
Calculate the highest common divisor of 480 and 140.
20
What is the greatest common factor of 3 and 6?
3
Calculate the highest common factor of 53 and 583.
53
What is the highest common factor of 732 and 636?
12
What is the highest common factor of 20637 and 36?
9
Calculate the highest common factor of 603 and 9.
9
What is the highest common divisor of 1575 and 63?
63
What is the greatest common factor of 80 and 40?
40
Calculate the highest common factor of 4216 and 17.
17
Calculate the greatest common divisor of 530 and 10.
10
What is the highest common factor of 1925 and 7175?
175
What is the highest common divisor of 9696 and 32?
32
Calculate the greatest common divisor of 522 and 928.
58
Calculate the highest common factor of 8189 and 19.
19
What is the highest common divisor of 66 and 308?
22
Calculate the highest common factor of 29 and 667.
29
What is the greatest common divisor of 195 and 15?
15
What is the highest common factor of 35 and 203?
7
What is the highest common divisor of 7552 and 59?
59
Calculate the greatest common divisor of 244 and 183.
61
What is the highest common divisor of 5 and 80?
5
Calculate the highest common factor of 99 and 660.
33
What is the highest common factor of 14 and 112?
14
Calculate the highest common factor of 30 and 252.
6
What is the greatest common divisor of 3 and 7?
1
Calculate the greatest common divisor of 50181 and 129.
129
Calculate the highest common divisor of 8 and 248.
8
Calculate the greatest common divisor of 144 and 12.
12
What is the highest common divisor of 152 and 551?
19
What is the highest common factor of 40 and 80?
40
Calculate the highest common divisor of 1540 and 210.
70
Calculate the greatest common factor of 58916 and 44.
44
Calculate the highest common factor of 192 and 12.
12
Calculate the greatest common divisor of 15 and 50.
5
Calculate the greatest common factor of 3304 and 177.
59
Calculate the greatest common divisor of 18 and 33678.
18
What is the highest common divisor of 14325 and 15?
15
What is the greatest common factor of 805 and 770?
35
Calculate the greatest common divisor of 48 and 276.
12
What is the highest common factor of 8618 and 186?
62
What is the highest common divisor of 44 and 682?
22
Calculate the highest common divisor of 3612 and 14.
14
What is the highest common divisor of 120 and 195?
15
Calculate the highest common factor of 42 and 483.
21
What is the highest common divisor of 236 and 59?
59
What is the greatest common divisor of 1890 and 35?
35
Calculate the highest common factor of 207 and 36.
9
What is the greatest common factor of 99 and 36?
9
What is the highest common divisor of 511 and 73?
73
What is the highest common divisor of 12 and 64?
4
Calculate the highest common divisor of 1406 and 38.
38
Calculate the highest common divisor of 290 and 232.
58
Calculate the greatest common divisor of 192 and 64.
64
What is the highest common factor of 741 and 57?
57
Calculate the highest common factor of 35 and 13405.
35
What is the highest common divisor of 1829 and 465?
31
What is the highest common factor of 2390 and 50?
10
Calculate the highest common factor of 532 and 84.
28
Calculate the greatest common divisor of 319 and 667.
29
Calculate the highest common divisor of 663 and 8177.
221
Calculate the greatest common factor of 320 and 90.
10
What is the highest common factor of 4 and 36?
4
What is the highest common divisor of 55 and 121?
11
Calculate the highest common divisor of 16 and 236.
4
What is the greatest common factor of 6 and 22?
2
What is the highest common factor of 279 and 9?
9
What is the highest common factor of 145 and 37845?
145
Calculate the highest common factor of 45 and 45.
45
What is the highest common factor of 705 and 1880?
235
What is the highest common divisor of 4 and 388?
4
What is the greatest common factor of 23 and 391?
23
Calculate the greatest common factor of 17168 and 16.
16
Calculate the highest common factor of 26 and 247.
13
What is the highest common factor of 91 and 56?
7
Calculate the highest common factor of 943 and 205.
41
What is the greatest common factor of 5 and 1135?
5
Calculate the highest common factor of 6 and 48.
6
Calculate the highest common factor of 51 and 1581.
51
Calculate the highest common divisor of 30 and 43590.
30
Calculate the greatest common divisor of 1715 and 3185.
245
What is the greatest common divisor of 76 and 551?
19
Calculate the greatest common divisor of 438 and 6.
6
What is the highest common divisor of 33 and 243?
3
Calculate the highest common factor of 6913 and 62.
31
Calculate the highest common factor of 26 and 7956.
26
What is the highest common factor of 157 and 6437?
157
What is the highest common divisor of 285 and 75?
15
What is the highest common factor of 150 and 43350?
150
What is the greatest common factor of 73 and 24163?
73
What is the highest common divisor of 20 and 980?
20
What is the highest common factor of 58 and 667?
29
What is the highest common divisor of 418 and 44?
22
What is the highest common divisor of 20 and 14500?
20
What is the highest common factor of 80 and 610?
10
Calculate the highest common factor of 6 and 96.
6
Calculate the greatest common factor of 2 and 304.
2
What is the greatest common factor of 248 and 32?
8
Calculate the greatest common divisor of 132 and 78.
6
What is the greatest common factor of 488 and 120?
8
What is the greatest common divisor of 85 and 1207?
17
What is the greatest common divisor of 81 and 81?
81
What is the greatest common factor of 225 and 3675?
75
What is the highest common divisor of 24240 and 16?
16
What is the greatest common divisor of 55 and 5775?
55
What is the highest common divisor of 736 and 160?
32
Calculate the highest common factor of 40 and 16080.
40
Calculate the greatest common divisor of 408 and 16.
8
What is the greatest common divisor of 428 and 12?
4
What is the highest common divisor of 40 and 25?
5
What is the highest common divisor of 630 and 12390?
210
What is the highest common divisor of 1771 and 483?
161
Calculate the highest common divisor of 325 and 195.
65
Calculate the greatest common factor of 193 and 4439.
193
Calculate the greatest common divisor of 253 and 46.
23
Calculate the highest common divisor of 122 and 52582.
122
Calculate the greatest common factor of 34 and 425.
17
What is the greatest comm